{"id":69,"date":"2019-07-24T14:35:04","date_gmt":"2019-07-24T14:35:04","guid":{"rendered":"https:\/\/originsproject.eu\/?page_id=69"},"modified":"2019-07-27T14:07:55","modified_gmt":"2019-07-27T14:07:55","slug":"personnages","status":"publish","type":"page","link":"https:\/\/originsproject.eu\/?page_id=69","title":{"rendered":"Personnages"},"content":{"rendered":"<div id=\"slider\" class=\"no-display alignwide\">\n<div class=\"box characters-container\">\n        <!-- Personnages principaux-->\n<img loading=\"lazy\" decoding=\"async\" width=\"329\" height=\"700\" src=\"https:\/\/originsproject.eu\/wp-content\/uploads\/2019\/07\/Heroine.png\" alt=\"H\u00e9ro\u00efne\" class=\"wp-image-346\" srcset=\"https:\/\/originsproject.eu\/wp-content\/uploads\/2019\/07\/Heroine.png 329w, https:\/\/originsproject.eu\/wp-content\/uploads\/2019\/07\/Heroine-141x300.png 141w\" sizes=\"auto, (max-width: 329px) 100vw, 329px\" \/>\n<div>\n<div class=\"character-title\">\n                Le h\u00e9ros &amp; l&rsquo;h\u00e9ro\u00efne<\/div>\n<div>\n                Vous incarnez une personne d&rsquo;une vingtaine d&rsquo;ann\u00e9es qui a perdu la m\u00e9moire.\nBien que compl\u00e8tement d\u00e9boussol\u00e9, vous d\u00e9cidez d&rsquo;aider vos h\u00f4tes qui ont perdu leur village ;\nnon seulement pour leur montrer votre gratitude mais aussi pour tenter de mieux comprendre ce qui vous est arriv\u00e9.\nVous vous d\u00e9couvrirez ainsi un don particulier pour le combat Pok\u00e9mon au cours de votre aventure. Mais d&rsquo;o\u00f9 vient-il ?<\/div>\n<\/div>\n<img loading=\"lazy\" decoding=\"async\" width=\"270\" height=\"710\" src=\"https:\/\/originsproject.eu\/wp-content\/uploads\/2019\/07\/Heros.png\" alt=\"H\u00e9ros\" class=\"wp-image-347\" srcset=\"https:\/\/originsproject.eu\/wp-content\/uploads\/2019\/07\/Heros.png 270w, https:\/\/originsproject.eu\/wp-content\/uploads\/2019\/07\/Heros-114x300.png 114w\" sizes=\"auto, (max-width: 270px) 100vw, 270px\" \/>\n\n<\/div>\n<div class=\"box characters-container\">\n        <!-- Arisson -->\n<img decoding=\"async\" src=\"https:\/\/originsproject.eu\/wp-content\/uploads\/2019\/07\/Arisson.png\" alt=\"Arisson\" class=\"wp-image-348\">\n<div>\n<div class=\"character-title\">\n                Arisson<\/div>\n<div>\n                Arisson est un jeune homme peu sociable qui passe le plus clair de son temps \u00e0 entra\u00eener ses Pok\u00e9mons.\nAyant perdu ses parents tr\u00e8s jeune, il a \u00e9t\u00e9 \u00e9lev\u00e9 par sa grand-m\u00e8re. Personne ne sait exactement ce qui est arriv\u00e9 aux parents d&rsquo;Arisson,\nmais son p\u00e8re lui a un jour donn\u00e9 un Embrylex qu&rsquo;il ch\u00e9rit plus que tout, \u00e9tant son seul souvenir de ses parents.\nDepuis que le conflit a \u00e9clat\u00e9, il r\u00eave de chasser les Confr\u00e9ries et de ramener la paix \u00e0 ELenos.\nEn d\u00e9couvrant qu&rsquo;il partage le m\u00eame but que vous, il d\u00e9cidera de vous pr\u00eater main forte !<\/div>\n<\/div>\n<img decoding=\"async\" src=\"https:\/\/originsproject.eu\/wp-content\/uploads\/2019\/07\/Embrylex.png\" alt=\"Embrylex\" class=\"wp-image-350 little-image\">\n\n<\/div>\n<div class=\"box characters-container\">\n<div>\n<div class=\"character-title\">\n                L&rsquo;homme masqu\u00e9<\/div>\n<div>\n                Durant votre aventure, un homme masqu\u00e9 vous viendra en aide. Vous ne savez pas qui est cette personne. Cependant, il semble vous conna\u00eetre. Qui est-ce ? Pourquoi vous aide-t-il ? Peut-\u00eatre l&rsquo;apprendrez-vous durant votre aventure&#8230;<\/div>\n<\/div>\n<img decoding=\"async\" src=\"https:\/\/originsproject.eu\/wp-content\/uploads\/2019\/07\/Homme_masque.png\" alt=\"Homme masqu\u00e9\" class=\"wp-image-349\">\n\n<\/div>\n<\/div>","protected":false},"excerpt":{"rendered":"Le h\u00e9ros &amp; l&rsquo;h\u00e9ro\u00efne Vous incarnez une personne d&rsquo;une vingtaine d&rsquo;ann\u00e9es qui a perdu la m\u00e9moire. Bien que compl\u00e8tement d\u00e9boussol\u00e9, vous d\u00e9cidez d&rsquo;aider vos h\u00f4tes qui ont perdu leur village ; non seulement pour leur montrer votre gratitude mais aussi pour tenter de mieux comprendre ce qui vous est arriv\u00e9. [&hellip;]","protected":false},"author":1,"featured_media":0,"parent":49,"menu_order":0,"comment_status":"closed","ping_status":"closed","template":"","meta":{"footnotes":""},"class_list":["post-69","page","type-page","status-publish","hentry"],"_links":{"self":[{"href":"https:\/\/originsproject.eu\/index.php?rest_route=\/wp\/v2\/pages\/69","targetHints":{"allow":["GET"]}}],"collection":[{"href":"https:\/\/originsproject.eu\/index.php?rest_route=\/wp\/v2\/pages"}],"about":[{"href":"https:\/\/originsproject.eu\/index.php?rest_route=\/wp\/v2\/types\/page"}],"author":[{"embeddable":true,"href":"https:\/\/originsproject.eu\/index.php?rest_route=\/wp\/v2\/users\/1"}],"replies":[{"embeddable":true,"href":"https:\/\/originsproject.eu\/index.php?rest_route=%2Fwp%2Fv2%2Fcomments&post=69"}],"version-history":[{"count":34,"href":"https:\/\/originsproject.eu\/index.php?rest_route=\/wp\/v2\/pages\/69\/revisions"}],"predecessor-version":[{"id":390,"href":"https:\/\/originsproject.eu\/index.php?rest_route=\/wp\/v2\/pages\/69\/revisions\/390"}],"up":[{"embeddable":true,"href":"https:\/\/originsproject.eu\/index.php?rest_route=\/wp\/v2\/pages\/49"}],"wp:attachment":[{"href":"https:\/\/originsproject.eu\/index.php?rest_route=%2Fwp%2Fv2%2Fmedia&parent=69"}],"curies":[{"name":"wp","href":"https:\/\/api.w.org\/{rel}","templated":true}]}}